 divided by m?
6
Suppose 73 - 18 = 5*i. Let o = 12 - -19. What is the remainder when o is divided by i?
9
What is the remainder when 64 is divided by 12/9*(-165)/(-10)?
20
Suppose -73 = -2*k + r, 151 = 4*k + 6*r - 3*r. Suppose -1 + 96 = 5*l. What is the remainder when k is divided by l?
18
Suppose -3*a = 4*a - 21. Calculate the remainder when 10 is divided by a.
1
Let r(x) = -2*x. Let f be r(5). Let h(i) = i**2 + 10*i + 6. What is the remainder when 16 is divided by h(f)?
4
Let w be 44*2/3*6. What is the remainder when 41 is divided by (-6)/(-4)*w/12?
19
Suppose -29 = 2*f - 3. Let g = f + 37. Let y = g + -13. Calculate the remainder when y is divided by 6.
5
Suppose 2*g = 3*i - 115, -g + 6*g = 2*i - 84. Calculate the remainder when 146 is divided by i.
35
Suppose -52 = -5*j - 2*y, 0*y - 13 = -j - 3*y. Suppose -n + 2*r = -4*n + 31, 0 = -4*n + r + 23. What is the remainder when (24/j)/((-1)/(-5)) is divided by n?
5
Let d = 36 - 17. Calculate the remainder when 208 is divided by d.
18
Suppose 25 = 2*t - 7*t. Let a(l) = -l**2 - 9*l - 3. What is the remainder when a(t) is divided by 6?
5
Suppose 6*g - g = 35. Calculate the remainder when g is divided by 2.
1
Let l(m) = -m**2 - 7*m - 6. Let w be l(-6). Suppose -2*v + 5*v - 66 = w. Suppose 5*h + n = 56, 2*h + 64 = 7*h - n. What is the remainder when v is divided by h?
10
Suppose 37*m + 200 = 42*m. Calculate the remainder when m is divided by 17.
6
Let d = 2 - 3. Suppose 2*l - 135 = -3*l. Let c = d + l. What is the remainder when c is divided by 7?
5
Calculate the remainder when 17/(-51) + 250/3 is divided by 17.
15
Let m(f) = 19*f + 4. Let o be m(-3). Let g = o - -93. Calculate the remainder when g is divided by 11.
7
Let n(q) be the first derivative of 7/3*q**3 - 2 + 4*q + 1/4*q**4 - 11/2*q**2. Calculate the remainder when n(-8) is divided by 15.
13
Let r(a) = 2*a**2 + 2*a + 13. Calculate the remainder when 24 is divided by r(0).
11
Suppose -3*b + 22 = -b. Let i(o) = -2*o + 22. Calculate the remainder when i(-4) is divided by b.
8
Suppose -2*p + 30 = -40. Calculate the remainder when p is divided by 18.
17
Suppose -45 = -c - 4*c. Calculate the remainder when 35 is divided by c.
8
Let k = -109 + 122. Suppose 0 = 5*t - 4*z + 22, 0*t + z - 13 = 5*t. What is the remainder when k is divided by (1/1 - 15)/t?
6
Let u(s) be the third derivative of 5*s**4/24 + 2*s**3/3 - 2*s**2. Let f be u(-7). Let i = 59 + f. Calculate the remainder when i is divided by 10.
8
Let b(h) = -h**3 + 7*h**2. What is the remainder when b(6) is divided by 40/(-12)*(0 + -3)?
6
Let t(m) = m**2 - 4*m - 15. Calculate the remainder when t(-6) is divided by 24.
21
Calculate the remainder when 142 is divided by -2 + -6 + 6 - (-52)/2.
22
Let i(z) = z**2 - 3*z - 1. Let k be (-5 - 0) + 0 + 2. Calculate the remainder when (-14)/((6 - 0)/k) is divided by i(4).
1
Let y(c) = c**3 + 3*c**2. Let r be y(-3). Suppose 7*w - 2*w - 80 = r. What is the remainder when w is divided by 9*(1/1)/1?
7
Let j(s) = 2*s - 2. Let c be j(2). Let f(l) = -5*l + 7 + l + c*l. Calculate the remainder when f(-6) is divided by 7.
5
Let w(d) = 38*d**2 - 2*d + 1. Let m(a) = a**2 + 7*a + 7. Let p be m(-6). Let s be w(p). Suppose -s = -u - 6. What is the remainder when u is divided by 11?
9
Let i = 29 - 27. What is the remainder when i is divided by 2?
0
Let s = 29 + -24. What is the remainder when 26 is divided by s?
1
Let w = -11 + 27. Suppose -12 = -2*t - d + 140, 0 = -4*d - w. What is the remainder when t is divided by 20?
18
Let u(q) = -3*q - 13. Suppose 3*t + 5*i - 16 = 4*t, 3*t + 3*i + 30 = 0. Calculate the remainder when 38 is divided by u(t).
18
Suppose -2*t - 3 = -77. Let s = 6 - -9. Suppose u + 54 = 5*y - 6, s = 3*u. What is the remainder when t is divided by y?
11
Suppose n + 3*k - 161 = -n, 3*n - 214 = k. What is the remainder when n is divided by 26?
21
Let h(l) = l**3 + 3*l**2 - 2*l - 4. Let y be h(-3). Suppose -2*r + 68 = -y*m + m, r = -5*m + 45. What is the remainder when r is divided by 18?
17
Let k(v) be the second derivative of -9/2*v**2 + 3/4*v**4 + v + 0 - 1/2*v**3 + 1/20*v**5. Calculate the remainder when 52 is divided by k(-9).
16
Suppose 10 = 2*s - 0*s. Suppose 3*g - s*g + 26 = 0. What is the remainder when 38 is divided by g?
12
Let v(z) = -z**2 - 15*z - 8. Calculate the remainder when 109 is divided by v(-12).
25
Let y = 40 - 18. Suppose -5*o - 4*d = -32, o + 5*d = -3*o + 31. Suppose -2*f + o*f - 16 = 0. Calculate the remainder when y is divided by f.
6
Suppose 2*u = -2*u + 16. Suppose a = u*z - 49, -2*z - a = -4*z + 23. What is the remainder when 36 is divided by z?
10
Let f(v) = -31*v**3 + v**2 - 2*v + 1. Let z be f(3). Calculate the remainder when 37 is divided by 2/(-9) + z/(-63).
11
Suppose 0 = 2*p - 5*p - 18. Let a = 7 + p. Suppose -s + 9 = -4*s + 3*w, -19 = s - 5*w. What is the remainder when a is divided by s?
0
Let j be (-4)/14 + (-16)/(-7). Let d = 0 + j. Let a = 4 - 2. What is the remainder when a is divided by d?
0
Suppose 3*c = -0*f - 5*f + 438, -4*c - 257 = -3*f. What is the remainder when f is divided by 22?
21
Suppose -338 = -5*m - 53. What is the remainder when m is divided by 30?
27
Suppose 2*k + 2*x = -3*k - 48, -4*k - 2*x - 38 = 0. Suppose m - 32 = -13. Calculate the remainder when m is divided by (-3)/((-3)/k)*-1.
9
Let u(n) = 20*n - 9. Calculate the remainder when u(4) is divided by 20.
11
Let l = 25 + -13. Calculate the remainder when 81 is divided by l.
9
Let g(j) = j - 5. Let r be g(4). What is the remainder when 7 is divided by (6/r)/((-3)/2)?
3
Suppose 20*b - 380 = 16*b. Calculate the remainder when b is divided by 14.
11
What is the remainder when 40 is divided by 18 + -1*(3 + -6)?
19
Suppose 9*o - 11*o + 76 = 0. What is the remainder when o is divided by 3?
2
Let q(v) = -14*v**3 + 2*v + 1. Suppose 4*u = 2*u. Suppose u = -5*f + 2*h - 3, 0*h + h + 5 = -4*f. Calculate the remainder when 38 is divided by q(f).
12
Let i(q) = 11*q**2 + 6*q - 1. What is the remainder when i(-3) is divided by 27?
26
Suppose -2*f = -3*i - 533, 0 = 4*i - 8*i + 2*f - 714. Let m = i + 258. Calculate the remainder when m is divided by 20.
17
Let d(z) = z**2 + 3*z + 1. Suppose -29 - 1 = -5*o. What is the remainder when d(-6) is divided by o/(-2) + 2 - -8?
5
Let c(u) = u - 9. Let w be c(11). Suppose 3*r - 3*x - 14 = r, -w*r = x - 6. Suppose 2*p = p + r. Calculate the remainder when 7 is divided by p.
3
Suppose 3*y - 76 = y. Let a = -21 + y. Calculate the remainder when 50 is divided by a.
16
Suppose 48 = 4*j - 24. Let c(o) = 8*o**3 - 3*o**2 + 2*o - 3. What is the remainder when c(2) is divided by j?
17
Let k(s) = -s - 1. Calculate the remainder when 33 is divided by k(-10).
6
Suppose 3*n = -15, -3*n - 13 - 47 = -5*w. Calculate the remainder when 42 is divided by w.
6
Suppose -6*y + 2*y = -2*z - 1738, -2*z = 6. What is the remainder when y is divided by 15?
13
Suppose -5*b = r - 3 + 2, r - 4*b = 46. What is the remainder when 154 is divided by r?
24
Let d = 5 + -8. Calculate the remainder when 27 is divided by d + (1 - 1) + 17.
13
Let l(x) = -x**2 - 6*x + 9. Calculate the remainder when 23/7 + (-4)/14 is divided by l(-7).
1
Calculate the remainder when 109 is divided by (-75)/24 + 3 - 1295/(-56).
17
Let t be -9*(20/(-6))/5. Calculate the remainder when (0 + 3)*t + -1 is divided by 9.
8
Let x = -3 + 4. Calculate the remainder when x is divided by 2 + 2/4*-2.
0
Let a(z) = -7*z**2 + 1. Let y be a(2). Let o = -14 - y. What is the remainder when 1 + 0 + 0 + 24 is divided by o?
12
Let l(t) = -t**2 + 4*t - 3. Let d be l(5). Let v = d - -24. Calculate the remainder when v is divided by 6.
4
Let d(y) = -45*y + 1. Let f be d(-1). Suppose f = 3*a - 83. Calculate the remainder when a is divided by 22.
21
Let i(g) = -11*g**3 + 2*g**2 - 2*g - 2. What is the remainder when i(-2) is divided by 20?
18
Suppose 0 = -2*n + 2*r + 24, 6*n - 9*n + 32 = -2*r. Suppose -5*s + 5*t = -95, s - t + 91 = 5*s. What is the remainder when s is divided by n?
6
Let g(a) = -a + 20 + 6*a**2 - 25 + a**3 - 2*a**3. Calculate the remainder when 42 is divided by g(5).
12
Let h be -2*(-2)/4 + 5. Suppose 3*i = 3*v - h, 1 = -4*v + 2*v - 3*i. What is the remainder when 2*(v - -14 - 2) is divided by 14?
12
What is the remainder when 10 is divided by (-7)/(-28) - (-11)/4?
1
Let w(m) = -5*m - 7. L